1871994?
True
Is 59 a factor of 14185880?
False
Does 13 divide 321068058?
False
Does 1017 divide 116360055?
True
Is 111250316 a multiple of 47?
True
Is 456066351 a multiple of 53?
False
Is 76336566 a multiple of 674?
True
Does 670 divide 2102833190?
True
Is 23 a factor of 27101679?
False
Is 32 a factor of 8356867264?
True
Is 34 a factor of 208099091?
False
Is 16399631 a multiple of 37?
False
Is 11643075 a multiple of 367?
True
Is 26480677 a multiple of 14?
False
Does 876 divide 352459476?
True
Does 14 divide 2869765962?
True
Does 935 divide 325739975?
True
Does 52 divide 866021779?
False
Does 2646 divide 15682842?
True
Is 698 a factor of 453725128?
True
Is 4772155 a multiple of 1760?
False
Does 465 divide 6120474?
False
Does 6799 divide 1483869655?
False
Is 67945108 a multiple of 59?
True
Is 296309760 a multiple of 4040?
True
Does 438 divide 64046988?
True
Is 21017305 a multiple of 2?
False
Is 2715 a factor of 157858658?
False
Is 70 a factor of 14065547?
False
Does 12 divide 615438822?
False
Is 56 a factor of 495815544?
True
Is 10 a factor of 37010210?
True
Is 4 a factor of 117767090?
False
Does 43 divide 26761523?
True
Is 512 a factor of 1663981568?
True
Is 11 a factor of 1835815800?
False
Is 155 a factor of 3627465?
True
Does 270 divide 107930747?
False
Does 129 divide 355232945?
False
Is 707 a factor of 583905?
False
Is 10 a factor of 31881850?
True
Is 25 a factor of 305471045?
False
Is 225400770 a multiple of 105?
True
Is 52 a factor of 706540992?
False
Is 15381260 a multiple of 1292?
True
Does 707 divide 30924887?
True
Does 723 divide 16819872?
True
Does 396 divide 20231511?
False
Is 28 a factor of 147237300?
True
Is 22748936 a multiple of 1213?
False
Does 4974 divide 5315768514?
True
Is 398129992 a multiple of 844?
True
Does 375 divide 29844750?
True
Is 240 a factor of 159891360?
True
Is 27479485 a multiple of 1244?
False
Is 7319890 a multiple of 430?
True
Does 315 divide 107547930?
True
Does 22 divide 100385230?
True
Is 55 a factor of 533350091?
False
Is 395 a factor of 804714540?
True
Is 14 a factor of 1458313624?
False
Does 188 divide 932317291?
False
Does 7027 divide 4046452340?
False
Does 1162 divide 29367541?
False
Does 31 divide 1961945?
False
Does 833 divide 68735828?
True
Is 1013367791 a multiple of 53?
True
Does 38 divide 3413350?
True
Is 2192 a factor of 293754304?
True
Is 99962380 a multiple of 15?
False
Is 191879138 a multiple of 3509?
True
Is 1310 a factor of 376841580?
False
Does 58 divide 92068098?
True
Is 189391355 a multiple of 250?
False
Is 134345352 a multiple of 228?
True
Is 1255947 a multiple of 33?
True
Is 216344247 a multiple of 736?
False
Does 10427 divide 6645961260?
True
Does 615 divide 36773925?
True
Does 385 divide 91760252?
False
Is 35 a factor of 1429047264?
False
Is 80 a factor of 70970160?
True
Is 182 a factor of 763429711?
False
Is 345005314 a multiple of 898?
True
Is 138785676 a multiple of 16?
False
Does 15 divide 22517368?
False
Is 2350510323 a multiple of 21?
True
Is 7021581892 a multiple of 52?
True
Is 126 a factor of 36966384?
True
Is 1261161340 a multiple of 3449?
True
Is 29055155 a multiple of 1581?
False
Is 68 a factor of 35071604?
False
Does 75 divide 21774617?
False
Does 31 divide 97696034?
False
Is 3163 a factor of 3558375?
True
Is 400993882 a multiple of 1277?
False
Is 4430426325 a multiple of 4885?
True
Does 658 divide 53120340?
True
Does 607 divide 41175796?
False
Does 264 divide 4283984?
False
Is 68785696 a multiple of 16?
True
Does 1124 divide 602635562?
False
Does 22 divide 3602645992?
True
Is 162996178 a multiple of 73?
False
Is 203946973 a multiple of 53?
False
Does 5 divide 1921179465?
True
Is 760298271 a multiple of 1702?
False
Is 63 a factor of 15279894?
True
Does 15 divide 52160353?
False
Is 47123985 a multiple of 87?
True
Is 72 a factor of 433565712?
True
Is 85147776 a multiple of 28?
True
Does 16 divide 168062745?
False
Is 10 a factor of 414329550?
True
Does 41 divide 252192489?
False
Is 192236872 a multiple of 1048?
False
Is 4476 a factor of 659233468?
False
Is 54756544 a multiple of 3152?
True
Is 174 a factor of 48549214?
False
Is 124043680 a multiple of 32?
True
Is 315 a factor of 32568019?
False
Is 757 a factor of 7796343?
True
Does 161 divide 176710248?
False
Is 178 a factor of 8597400?
True
Is 63 a factor of 1534017681?
True
Is 18830897 a multiple of 2231?
False
Is 10 a factor of 74784339?
False
Does 20 divide 199448440?
True
Is 133958517 a multiple of 11?
True
Is 254 a factor of 22427888?
False
Is 27 a factor of 66244932?
True
Does 207 divide 16827383?
False
Is 499 a factor of 921464378?
True
Is 2088 a factor of 2782433304?
True
Is 133014046 a multiple of 22?
True
Is 69066200 a multiple of 7?
True
Does 34 divide 1365055?
False
Is 229 a factor of 32983705?
False
Is 12750999 a multiple of 8?
False
Is 251903223 a multiple of 27?
True
Does 1202 divide 41882488?
True
Does 53 divide 799116934?
True
Does 59 divide 128887093?
True
Is 11 a factor of 6020583?
False
Is 84 a factor of 661089254?
False
Is 14932712 a multiple of 1006?
False
Is 555 a factor of 521965063?
False
Does 5 divide 732503567?
False
Does 11 divide 728348472?
False
Is 96182043 a multiple of 23?
False
Does 8 divide 2721518327?
False
Is 6 a factor of 1205390702?
False
Does 77 divide 320703454?
False
Is 1213 a factor of 339540431?
False
Is 1729902 a multiple of 16?
False
Does 164 divide 17692910?
False
Does 409 divide 11273784?
False
Is 314307475 a multiple of 6078?
False
Is 5170 a factor of 2719725030?
True
Is 55614276 a multiple of 1173?
True
Is 11312900 a multiple of 145?
True
Is 157842945 a multiple of 13?
True
Does 53 divide 467257032?
False
Is 1949174215 a multiple of 1275?
False
Does 891 divide 3291209658?
True
Does 52 divide 1072437080?
True
Is 95335832 a multiple of 11?
False
Is 1684012680 a multiple of 135?
True
Is 54429130 a multiple of 336?
False
Does 690 divide 171524340?
True
Does 16 divide 750115372?
False
Is 633212064 a multiple of 499?
False
Is 9 a factor of 1639985?
False
Is 444475384 a multiple of 424?
True
Is 55369422 a multiple of 552?
False
Does 23 divide 2406688996?
True
Is 26857838 a multiple of 4?
False
Is 4412458314 a multiple of 22?
True
Is 5622975 a multiple of 201?
True
Is 794977162 a multiple of 363?
False
Does 10 divide 60981230?
True
Is 17 a factor of 1154456214?
False
Is 2568 a factor of 311231670?
False
Does 4 divide 234531100?
True
Does 5248 divide 819884544?
True
Does 2851 divide 2704575491?
True
Is 86978482 a multiple of 47?
True
Does 39 divide 59872137?
True
Is 1968 a factor of 8909136?
True
Is 1219 a factor of 687743770?
False
Is 201 a factor of 15453684?
True
Does 11 divide 132444136?
True
Is 10 a factor of 26110920?
True
Is 404 a factor of 12021020?
True
Does 595 divide 79663955?
True
Is 71527678 a multiple of 5?
False
Is 191175149 a multiple of 17?
True
Is 32 a factor of 722583103?
False
Is 195 a factor of 12799605?
True
Is 10252770 a multiple of 33?
True
Is 144223384 a multiple of 828?
False
Does 2378 divide 247248520?
False
Is 541 a factor of 29188032?
True
Does 940 divide 27427320?
True
Is 533 a factor of 391645735?
True
Is 307801880 a multiple of 6?
False
Does 452 divide 1497598944?
True
Is 70 a factor of 222128279?
False
Does 8 divide 9160952?
True
Does 25 divide 894325?
True
Is 36 a factor of 6146279?
False
Is 7 a factor of 15774192?
True
Is 14 a factor of 48168246?
True
Is 31773776 a multiple of 1905?
False
Is 266648484 a multiple of 151?
True
Is 19394069 a multiple of 211?
False
Is 7 a factor of 1127518406?
True
Is 190 a factor of 862600?
True
Is 193 a factor of 3086109?
False
Is 7169 a factor of 517911600?
False
Does 2063 divide 6516969?
False
Does 110 divide 7253569?
False
Is 221 a factor of 1253223374?
True
Is 3885 a factor of 222516820?
False
Is 726360 a multiple of 6?
True
Is 498 a factor of 14421084?
True
Is 5603716 a multiple of 2?
True
Does 67 divide 78565017?
False
Does 480 divide 10805760?
True
Is 913 a factor of 11557667?
True
Is 217101258 a multiple of 171?
True
Does 29 divide 8444634?
False
Is 3959245 a multiple of 5?
True
Is 26 a factor of 978675256?
True
Is 1042 a factor of 18134484?
False
Is 2 a factor of 230859283?
False
Is 3611441 a multiple of 43?
True
Does 1572 divide 4465019196?
True
Is 2347 a factor of 1326125314?
False
Is 1573 a factor of 